ose 3*k - 58 = -2*f, -56 = -3*k - f - 3. Suppose -5*g - 1 + k = 0. Is 14/g*(-87)/(-2) a prime number?
False
Suppose -5*n + 124 = -9*n. Let w = n + 40. Is w prime?
False
Let x = 52 + -202. Let d = x - -340. Suppose 2*g + 66 = d. Is g prime?
False
Suppose -2*q + 126178 = 4*n, 4*q - 2*q = -2*n + 63084. Is n a prime number?
True
Suppose 4*z = -8, 15500 = 5*q - 0*z - 5*z. Is q prime?
False
Let h(j) = -j**3 - 5*j**2 + j + 22. Is h(-9) a prime number?
True
Let k be 48/5 - (-16)/40. Let z(i) = -3*i + i - k - 2*i. Is z(-5) a prime number?
False
Let c(u) = u + 7. Let r be c(-4). Suppose w - 2*l = -w + 2392, -r*w + 3586 = -5*l. Suppose -k - w = -5*h, -4*k + 270 = 3*h - 439. Is h prime?
True
Let w(x) = x**3 + 37*x**2 + 32*x - 34. Let a be w(-27). Suppose 0 = 5*b - a - 1223. Is b a prime number?
True
Suppose -d + 2*d + 6 = 0. Let h be 4/((-8)/d) - 1. Is (-5 + h)*-1 - -262 composite?
True
Suppose -3*k - 3*v + 8*v = 461, -k + 5*v = 157. Let g = -26 - k. Let j = -79 + g. Is j a prime number?
True
Let k be 24422/14 - (-3)/(-7). Let t = k - 857. Is t a prime number?
True
Let v be (-12)/(-4) + -4 + -2. Is (381/v)/(0 + -1) a prime number?
True
Let h be ((-2)/8)/((-7)/14588). Let r = -137 + h. Suppose -6*b = 30 - r. Is b a composite number?
False
Let s be 8/44 - (-2)/(-11). Suppose 4412 = 4*n + 7*l - 3*l, -5*n + 4*l + 5497 = s. Is n a composite number?
True
Let b be (2 - 3) + -1 + 4. Suppose 4649 = 3*n - 5*o, 2*n + b*o = 4*o + 3094. Is n a composite number?
False
Suppose 0 = 4*o - 80 + 4. Suppose 21*s - o*s = 894. Is s composite?
True
Let a be 1 + (3 + -1 - -8 - 2). Suppose -7*m + a*m - 7430 = 0. Is m prime?
False
Let m(h) = h + 1. Let v(t) = -96*t + 3. Let k be (-2)/(5/(5/2)). Let r(u) = k*v(u) + 5*m(u). Is r(1) prime?
True
Let c(j) be the first derivative of -j**3/3 - 3*j**2 - 3*j + 3. Let o be c(-4). Suppose -553 - 262 = -o*q. Is q a prime number?
True
Suppose -139*o - 1454550 = -189*o. Is o a prime number?
False
Suppose 0*i + i = -4*q + 8, 0 = 4*q - 4*i - 8. Let p be ((-4)/(-3))/(q/(-6)). Let a(h) = -160*h + 1. Is a(p) a composite number?
False
Let i be 1*-2*(4 + (-816)/(-3)). Let q = i - -1359. Is q composite?
True
Let d be (-6688)/(-20) + (-6)/(-10). Suppose -h + 2*h - d = 0. Is h composite?
True
Suppose 4*n - 4*h = 96, 0 = -4*h + 1 + 7. Suppose 35*s = n*s + 15111. Is s a composite number?
True
Suppose -5*b = 5*o - 10225, -2*b - 2*b - 10243 = -5*o. Is o composite?
True
Suppose 0 = -14*c + 4472 + 76742. Is c composite?
False
Let n = 46 + -44. Suppose -3*v - 2*v - 10 = 0, 2*c - 678 = n*v. Is c composite?
False
Is (-39 + 2 - 0)*-431 a prime number?
False
Suppose 0 = 3*q - 12 - 3. Suppose -3*y + p = -4, q*y - 10 = 2*p - 4. Suppose -4*i + 514 = -y*i. Is i prime?
True
Let p(i) be the first derivative of -i**2 + 2*i + 5. Let y be p(2). Is (23*2)/((-4)/y) a composite number?
False
Let v = -1182 - -3034. Let a be v/14 - 4/14. Suppose 2*m = 0, 4*u - a = m + 4*m. Is u prime?
False
Suppose 4*n + 4544 = 2*m, -5*n = -3*n + 8. Suppose -27 = i - m. Is i composite?
False
Suppose 0 = 8*p + 4 - 60. Let w(a) = a**3 - 7*a**2 + 10*a - 3. Is w(p) prime?
True
Let c = -152 - -154. Let i(k) = 382*k**3 + k**2 + 2. Is i(c) composite?
True
Let f be (-1)/(-2) - 48/(-32). Is (-12 - -10)/(f/(-373)) a prime number?
True
Suppose 0 = 2*j - 3*j + 6. Let i(v) = -7 + 30*v + 5*v - 32*v + 25*v. Is i(j) composite?
True
Suppose -2*d - h + 14 + 1 = 0, 3*d = -3*h + 27. Suppose -16 = -2*x - 12. Is ((-2673)/d + x)*-2 composite?
False
Suppose 0 = u - 1, 2*f = f - 4*u - 1192. Let z = f - -1995. Is z a composite number?
True
Suppose 5*y - 23 = -253. Let f = y - -13. Let z = 268 + f. Is z a composite number?
True
Is 0 + 2 - (498237/(-19) + -2) composite?
False
Let y(r) = -20*r - 3. Let h be y(-4). Is (-6)/12 + h/2 composite?
True
Let w(x) = -1560*x + 206. Is w(-13) a prime number?
False
Is (-534045)/(-60)*(2 + 2) a prime number?
True
Let a = 7553 + 8588. Is a composite?
False
Let p(x) = -48*x**3 + x**2 + 10*x - 11. Is p(-4) a prime number?
True
Let w(r) = -r**3 - 13*r**2 - 11*r + 10. Let s be w(-12). Let l be (1 + s + 1)/(-2). Is 120 + 2 + 1 + l a composite number?
True
Let d be 1801/(-3) + 4/(-6). Let u = d - -1866. Is ((-3)/5)/((-11)/u) composite?
True
Let n = 19159 + -8264. Is n prime?
False
Suppose 0 = -3*w + o + o + 2, 0 = w - o. Suppose -w*u - 1464 = -3*j, 4*j - 1813 = -u + 128. Let q = j - 273. Is q a prime number?
False
Suppose -d - 6997 = 2*b, -4*d + 13974 = -4*b - 2*d. Let r = 7403 + b. Is r composite?
False
Let b = -58 - -62. Suppose 3*o + 223 = b*d - 846, 3*o = 15. Is d a prime number?
True
Is 1*(-4)/(-28) + (-3949424)/(-28) a composite number?
True
Let p(g) be the first derivative of g**4/4 + 11*g**3/3 + 9*g**2/2 - 5*g + 4. Is p(-8) a prime number?
False
Suppose 3*t - 12 = -t. Suppose -t*c - 59 = -1262. Let b = c + -224. Is b a composite number?
True
Suppose -11*d = -5116 - 13111. Is d prime?
True
Let c(l) = 47 - 47 + l. Let k be c(-4). Is (1 - -204) + (k - -2) composite?
True
Suppose 4*m = 0, -m + 15 = v + 2*v. Suppose d - v*d = -56. Suppose 2*j = 92 - d. Is j prime?
False
Let r(o) = -o**3 - 2*o**2 + 6*o + 1. Let l be r(-4). Suppose 8*b - 64 = 4*b. Suppose n - l = b. Is n a prime number?
False
Let f(g) = -90*g + 49. Is f(-19) a composite number?
False
Let l be -4 - (1 - 0 - 18). Suppose l*n = 10*n + 14133. Is n a prime number?
False
Suppose -102 = -8*k + 1538. Let s be 2500/6 - (-2)/(-3). Let o = s - k. Is o composite?
False
Let j(p) = 3*p**2 - 1. Let y be j(1). Suppose 0 = -5*r - y*g + 23, 0 = 2*g - g - 4. Suppose 0*x + r*x - 69 = 0. Is x a composite number?
False
Let g = -6 + 10. Suppose 0 = -2*r - g. Is (55 + r)*(5 - -2) a prime number?
False
Is (0 + 43980 + 2)*(-4)/(-8) composite?
False
Suppose 5*s = v + 492455, 15*s + v + 98491 = 16*s. Is s composite?
False
Let f(w) = 175*w**2 + 9*w + 21. Let j be f(7). Suppose 0 = 5*g - 3016 - j. Is g a prime number?
False
Let r be (2/2 - -265) + (-35)/7. Let d(s) = -7*s**2 + 6*s - 1. Let l be d(5). Let w = l + r. Is w a composite number?
True
Suppose 0*b = -b - 24. Let u = -70 - -116. Let n = u + b. Is n a prime number?
False
Let t be (-810)/(-1) + 0 + -1. Let p(l) = -21*l**2 - 6*l. Let a be p(-5). Let d = t + a. Is d prime?
False
Is ((-4460)/5)/(((-4)/(-2))/(-1)) a prime number?
False
Let u = 11185 - 6692. Is u composite?
False
Let i = 10 - 7. Is (-4 - -3)*(-3)/(i/337) prime?
True
Let f(v) = -4*v**3 + 3 - 5 + 5*v**2 - 3 - 6*v + 5*v. Let d be f(4). Let o = -123 - d. Is o prime?
False
Suppose -2*c + c = 5*d - 12460, d = 4*c + 2492. Suppose 8589 = 7*q + d. Is q prime?
False
Suppose -9*k + 10 = -4*k. Suppose -4 + 0 = -c + 4*n, -k*c + 2*n = -8. Is c/6*(-2601)/(-6) a prime number?
False
Suppose -314535 = -4*q - 5*w, 0 = -3*q + 5*w + 211592 + 24318. Is q a prime number?
False
Let m(z) be the third derivative of -z**6/120 + z**5/15 - z**4/24 + 5*z**3/6 + z**2 + 35*z. Let y be (-21)/(-2)*(-2)/3. Is m(y) prime?
False
Let r(n) = -n**3 - 21*n**2 + 19*n - 43. Is r(-26) a composite number?
False
Is 64/(-160) - (-605307)/5 prime?
True
Suppose -29*q + 90143 + 165550 = 0. Is q composite?
True
Suppose -7*s = -2*s - 25. Suppose -3*q - 159 = 3*x - 939, s*q - 4*x = 1345. Suppose t + 4*t = q. Is t a prime number?
True
Let i be (-210)/9*(-18)/4. Let b = 39 - i. Let h = 23 - b. Is h a prime number?
True
Let m = -38 + 21. Let b = 17 + m. Suppose 196 = -b*l + 4*l. Is l prime?
False
Let d = 10 - 5. Suppose -5*w + 4*s + 641 = 0, 0 = d*w - 3*s + s - 633. Suppose w = 5*v + 3*i, 0*v + v + 3*i = 37. Is v a composite number?
True
Suppose -10*j - 48 = -6*j. Let f be (-7242)/(-9) - 16/j. Suppose -3*w - o + 1171 = -6*o, -3*o = 2*w - f. Is w a composite number?
False
Let f(p) = 32*p + 7. Let g(k) = -k + 1. Let t(r) = f(r) - 2*g(r). Let i be t(-2). Let d = i - -109. Is d a composite number?
True
Suppose j + 5*u = -9, 3*u - 2*u - 11 = 3*j. Let r(k) = k**2 - 6*k - 1. Let f be r(j). Suppose -v + f = -t + 900, 3*v + 4313 = 5*t. Is t a prime number?
False
Suppose 0 = 3*q - 3*w - 234, -3*w + 7*w = 2*q - 148. Let c = q + -230. Let u = c + 335. Is u a composite number?
True
Suppose 10*y - 5*y + 5*f = 10230, -4*y = -3*f - 8149. Is y composite?
True
Suppose 8 = 4*k, -4*a = k - 67911 - 48807. Is a prime?
True
Suppose -5*d + 5 = 0, 1719 - 70 = q - 2*d. Is q composite?
True
Let y(b) = b**3 - 5*b**